{"id":629,"date":"2020-09-26T10:36:29","date_gmt":"2020-09-26T08:36:29","guid":{"rendered":"http:\/\/eco-nscience.com\/Yoga\/?page_id=629"},"modified":"2021-09-19T13:04:05","modified_gmt":"2021-09-19T11:04:05","slug":"nouvelles","status":"publish","type":"page","link":"https:\/\/eco-nscience.com\/yoga\/nouvelles\/","title":{"rendered":"Accueil"},"content":{"rendered":"\n<p><span class=\"has-inline-color has-black-color\">Un peu d&rsquo;ordr<\/span>e ne fait pas de tort : quelques onglets supprim\u00e9s, d&rsquo;autres all\u00e9g\u00e9s.<\/p>\n\n\n\n<p>Un nouvel onglet au 06\/09 : \u00a0\u00bb <strong>YoQi \u00ab\u00a0<\/strong> que je vous laisse d\u00e9couvrir.<\/p>\n\n\n\n<p>Un autre au 20\/09  : \u00ab\u00a0<strong>Zoom_YoQi<\/strong>\u00a0\u00bb o\u00f9 vous pourrez disposer de ma pratique personnelle<\/p>\n\n\n\n<p>Encore un : \u00ab\u00a0<strong>Leslie Kaminoff<\/strong>\u00a0\u00bb d\u00e9crivant chaque asana propos\u00e9 de mani\u00e8re hebdomadaire (aide bienvenue pour une meilleure traduction !)<\/p>\n\n\n\n<p>\ud83e\uddd8\ud83c\udffb\u200d\u2640\ufe0f\ud83e\uddd8\ud83c\udffb\u200d\u2642\ufe0f! Bonne pratique ! \ud83e\uddd8\ud83c\udffb\u200d\u2642\ufe0f\ud83e\uddd8\ud83c\udffb\u200d\u2640\ufe0f<\/p>\n\n\n\n<p><\/p>\n\n\n\n<p><strong>et &#8230; surtout, prenez grand soin de vous en cette p\u00e9riode d&rsquo;incertitude<\/strong> :<\/p>\n\n\n\n<p><a href=\" https:\/\/medias.petitbambou.com\/site\/ebook\/prendre-soin-de-son-mental.pdf\"> https:\/\/medias.petitbambou.com\/site\/ebook\/prendre-soin-de-son-mental.pdf<\/a><\/p>\n\n\n\n<p><\/p>\n\n\n\n<p><\/p>\n\n\n\n<p>Comme vous le savez sans doute, la pratique des arts \u00e9nerg\u00e9tiques permet d\u2019une part d\u2019entretenir et de renforcer notre syst\u00e8me immunitaire&nbsp;mais aussi et surtout de favoriser le calme int\u00e9rieur propice au recul de l\u2019anxi\u00e9t\u00e9 et de la peur g\u00e9n\u00e9r\u00e9es par tant d\u2019incertitudes.<\/p>\n","protected":false},"excerpt":{"rendered":"<p>Un peu d&rsquo;ordre ne fait pas de tort : quelques onglets supprim\u00e9s, d&rsquo;autres all\u00e9g\u00e9s. Un nouvel onglet au 06\/09 : \u00a0\u00bb YoQi \u00ab\u00a0 que je vous laisse d\u00e9couvrir. Un autre au 20\/09 : \u00ab\u00a0Zoom_YoQi\u00a0\u00bb o\u00f9 vous pourrez disposer de ma pratique personnelle Encore un : \u00ab\u00a0Leslie Kaminoff\u00a0\u00bb d\u00e9crivant chaque asana propos\u00e9 de mani\u00e8re hebdomadaire (aide &hellip; <\/p>\n<p class=\"link-more\"><a href=\"https:\/\/eco-nscience.com\/yoga\/nouvelles\/\" class=\"more-link\">Continuer la lecture<span class=\"screen-reader-text\"> de &laquo;&nbsp;Accueil&nbsp;&raquo;<\/span><\/a><\/p>\n","protected":false},"author":1,"featured_media":0,"parent":0,"menu_order":0,"comment_status":"closed","ping_status":"closed","template":"","meta":{"footnotes":""},"class_list":["post-629","page","type-page","status-publish","hentry"],"_links":{"self":[{"href":"https:\/\/eco-nscience.com\/yoga\/wp-json\/wp\/v2\/pages\/629","targetHints":{"allow":["GET"]}}],"collection":[{"href":"https:\/\/eco-nscience.com\/yoga\/wp-json\/wp\/v2\/pages"}],"about":[{"href":"https:\/\/eco-nscience.com\/yoga\/wp-json\/wp\/v2\/types\/page"}],"author":[{"embeddable":true,"href":"https:\/\/eco-nscience.com\/yoga\/wp-json\/wp\/v2\/users\/1"}],"replies":[{"embeddable":true,"href":"https:\/\/eco-nscience.com\/yoga\/wp-json\/wp\/v2\/comments?post=629"}],"version-history":[{"count":43,"href":"https:\/\/eco-nscience.com\/yoga\/wp-json\/wp\/v2\/pages\/629\/revisions"}],"predecessor-version":[{"id":1287,"href":"https:\/\/eco-nscience.com\/yoga\/wp-json\/wp\/v2\/pages\/629\/revisions\/1287"}],"wp:attachment":[{"href":"https:\/\/eco-nscience.com\/yoga\/wp-json\/wp\/v2\/media?parent=629"}],"curies":[{"name":"wp","href":"https:\/\/api.w.org\/{rel}","templated":true}]}}