{"id":437,"date":"2020-03-03T13:57:49","date_gmt":"2020-03-03T12:57:49","guid":{"rendered":"http:\/\/eco-nscience.com\/Yoga\/?page_id=437"},"modified":"2021-04-19T08:27:53","modified_gmt":"2021-04-19T06:27:53","slug":"coronavirus","status":"publish","type":"page","link":"https:\/\/eco-nscience.com\/yoga\/coronavirus\/","title":{"rendered":"!!! ! !!! Alerte : Coronavirus !!! ! !!!"},"content":{"rendered":"\n<p><strong>MESSAGE DU DOCTEUR N. N. KANNAPPAN. MADURAI (Inde)<\/strong><\/p>\n\n\n\n<p style=\"line-height:1\">Le coronavirus se cache derri\u00e8re le sinus paranasal de votre nez pendant 3\/4 jours. <\/p>\n\n\n\n<p style=\"line-height:1\">Ce virus qui est cach\u00e9 derri\u00e8re les sinus paranasaux, atteint vos poumons.<\/p>\n\n\n\n<p style=\"line-height:1\">Ensuite, il vous est difficile de respirer.<br>Boire de l&rsquo;eau chaude ne suffit pas pour atteindre le virus.<br><\/p>\n\n\n\n<p style=\"line-height:1\">C&rsquo;est pourquoi il est tr\u00e8s important de faire des inhalations \u00e0 la vapeur d&rsquo;eau chaude qui atteint l&rsquo;arri\u00e8re de votre sinus paranasal.<br><\/p>\n\n\n\n<p style=\"line-height:1\">\/\/Vous devez tuer ce virus dans votre nez avec de la vapeur\/\/<br><\/p>\n\n\n\n<p style=\"line-height:1\">*\u00c0 une temp\u00e9rature de 50\u00b0C, ce virus s&rsquo;arr\u00eate, c&rsquo;est-\u00e0-dire qu&rsquo;il devient paralys\u00e9.<br><\/p>\n\n\n\n<p style=\"line-height:1\">*\u00c0 une temp\u00e9rature de 60\u00b0C, ce virus devient si faible que tout syst\u00e8me immunitaire humain peut le combattre.<br><\/p>\n\n\n\n<p style=\"line-height:1\">*\u00c0 une temp\u00e9rature de 70\u00b0C, ce virus meurt compl\u00e8tement.<br><\/p>\n\n\n\n<p style=\"line-height:1\">C&rsquo;est l&rsquo;int\u00e9r\u00eat de la vapeur d&rsquo;eau chaude.<br><\/p>\n\n\n\n<p style=\"line-height:1\">Le minist\u00e8re de la Sant\u00e9 le sait.<br><\/p>\n\n\n\n<p style=\"line-height:1\">Mais ils veulent profiter de cette pand\u00e9mie.<br><\/p>\n\n\n\n<p style=\"line-height:1\">Par cons\u00e9quent, ils ne partagent pas ces informations ouvertement.<br><\/p>\n\n\n\n<p style=\"line-height:1\">Fa\u00eetes des inhalations \u00e0 la vapeur d&rsquo;eau chaude en ajoutant 5 \u00e0 7 gouttes gouttes d&rsquo;eucalyptus globulus si vous le souhaitez.<br><\/p>\n\n\n\n<p style=\"line-height:1\">Selon les m\u00e9decins, le Coronavirus peut-\u00eatre tu\u00e9 par les inhalations \u00e0 la vapeur d&rsquo;eau chaude (nez et bouche).<\/p>\n\n\n\n<p style=\"line-height:1\"><br>Si tout le monde commence une campagne de prise de bains de vapeur d&rsquo;eau chaude d&rsquo;ici une semaine, la pand\u00e9mie se terminera bient\u00f4t.<br><\/p>\n\n\n\n<p style=\"line-height:1\">Alors voici ma suggestion :<br><\/p>\n\n\n\n<p style=\"line-height:1\">*Commencez le processus d&rsquo;inhalation tout au long de la semaine le matin et le soir, seulement 5 minutes \u00e0 chaque fois.<br><\/p>\n\n\n\n<p style=\"line-height:1\">Si nous faisons tous cette pratique pendant une semaine, m\u00eame en pr\u00e9vention ce mortel<br>Coronavirus sera \u00e9radiqu\u00e9.<br><\/p>\n\n\n\n<p style=\"line-height:1\">Cette pratique n&rsquo;a pas d&rsquo;effets secondaires et ne co\u00fbte rien non plus.<br><\/p>\n\n\n\n<p style=\"line-height:1\">Par cons\u00e9quent, veuillez envoyer ce message \u00e0 tous vos proches, parents, amis et voisins,<br>pour que nous puissions tous tuer ce coronavirus, vivre ensemble et marcher librement dans ce beau Monde.<\/p>\n\n\n\n<p style=\"line-height:1\"><strong>!!! \u2600\ufe0f\u2600\ufe0f\u2600\ufe0f Gratitudes \u2600\ufe0f\u2600\ufe0f\u2600\ufe0f!!!<\/strong><\/p>\n\n\n\n<p>****************************************************************************************************************<\/p>\n\n\n\n<p><\/p>\n\n\n\n<p class=\"has-text-align-left\">Augmenter son immunit\u00e9 par le Qi Gong, la M\u00e9decine chinoise (dont l&rsquo;acupuncture) et les produits naturels, <\/p>\n\n\n\n<p class=\"has-text-align-left\">Comme vous le savez sans doute, la pratique des arts \u00e9nerg\u00e9tiques permet d&rsquo;entretenir et de renforcer notre syst\u00e8me immunitaire&nbsp;mais aussi de favoriser le calme int\u00e9rieur propice au recul de l&rsquo;anxi\u00e9t\u00e9 et de la peur g\u00e9n\u00e9r\u00e9es par tant d\u2019incertitudes.<\/p>\n\n\n\n<p class=\"has-text-align-center\"><strong>Un bel article et des podcasts sur le sujet :<\/strong><\/p>\n\n\n\n<p><a href=\"https:\/\/www.francebleu.fr\/emissions\/conseils-bien-etre\/isere\/sylvie-roch-praticienne-en-medecine-traditionnelle-chinoise-nous-aiguille-sur-l-acupuncture?fbclid=IwAR0x28x-ED85nmyKlP1qgSkPe074mn6nwG-YJQDhMzjyaOPNI6C0Wrn84-8\">https:\/\/www.francebleu.fr\/emissions\/conseils-bien-etre\/isere\/sylvie-roch-praticienne-en-medecine-traditionnelle-chinoise-nous-aiguille-sur-l-acupuncture?fbclid=IwAR0x28x-ED85nmyKlP1qgSkPe074mn6nwG-YJQDhMzjyaOPNI6C0Wrn84-8<\/a><\/p>\n\n\n\n<p class=\"has-text-align-center\"><strong>Le site de la th\u00e9rapeute : Sylvie Roch<\/strong><\/p>\n\n\n\n<p><a href=\"http:\/\/dazao.fr\">http:\/\/dazao.fr<\/a><\/p>\n\n\n\n<p class=\"has-text-align-center\"><strong>Fabriquer ses ingr\u00e9dients : <em>(ici : le vinaigre des 4 voleurs)<\/em><\/strong><\/p>\n\n\n\n<p><a href=\"http:\/\/www.cfaitmaison.com\/vinaigre\/vinaigre-voleurs.html\">http:\/\/www.cfaitmaison.com\/vinaigre\/vinaigre-voleurs.html<\/a><\/p>\n\n\n\n<p> Pour se pr\u00e9parer un gel hydro-alcoolique (l&rsquo;eau et le savon restant le meilleur moyen) : <\/p>\n\n\n\n<p><strong>Que penser de la formule disponible sur le site l&rsquo;OMS ?<\/strong><\/p>\n\n\n\n<p>Sur Internet, beaucoup&nbsp;relaient la <a href=\"https:\/\/www.who.int\/gpsc\/5may\/tools\/system_change\/guide_production_locale_produit_hydro_alcoolique.pdf?ua=1\">formule dispens\u00e9e par l&rsquo;Organisation mondiale de la Sant\u00e9<\/a>. A base de <strong>glyc\u00e9rol <\/strong>(qui donne l&rsquo;effet gel), <strong>d&rsquo;\u00e9thanol <\/strong>(alcool \u00e0 90 degr\u00e9s) et de <strong>peroxyde d&rsquo;hydrog\u00e8ne<\/strong> (eau oxyg\u00e9n\u00e9e), \u00ab\u00a0elle&nbsp;est&nbsp;destin\u00e9e aux professionnels de la pharmacie&nbsp;<strong> pas au GRAND PUBLIC<\/strong>\u00a0\u00bb insiste le Dr Sebastian Marciano, m\u00e9decin g\u00e9n\u00e9raliste. De plus \u00ab\u00a0le glyc\u00e9rol est un produit qui peut servir \u00e0 faire des explosifs (mati\u00e8res premi\u00e8res de la fabrication de la nitroglyc\u00e9rine)&nbsp;donc c&rsquo;est pas facile d&rsquo;en avoir&nbsp;&nbsp;ajoute Martial Fraysse, docteur en pharmacie.<\/p>\n\n\n\n<p><strong>Quelle recette&nbsp;?<\/strong><\/p>\n\n\n\n<p>\u00ab\u00a0Vous pouvez acheter une <strong>bouteille d&rsquo;alcool \u00e0 90 degr\u00e9s en 125 ml, vous mettez 5 ml d&rsquo;eau oxyg\u00e9n\u00e9e et 10 ml de glyc\u00e9rine<\/strong>\u00a0\u00bb indique le pharmacien. Cependant, \u00e7a peut \u00eatre&nbsp;compliqu\u00e9 \u00e0 pr\u00e9parer, pas facilement transportable partout et toujours<strong> moins efficace que le lavage des mains avec de l&rsquo;eau et du savon<\/strong>.<\/p>\n\n\n\n<p><strong>Faire du gel hydro-alcoolique naturel<\/strong><\/p>\n\n\n\n<p>Vous pouvez trouver des recettes naturelles hydro-alcooliques proposant de m\u00e9langer par exemple dans un mini-vaporisateur en verre de 10 ml&nbsp;:<\/p>\n\n\n\n<ul class=\"wp-block-list\"><li>\t\t0,8 ml de glyc\u00e9rine v\u00e9g\u00e9tale bio<\/li><li>\t\t2 gouttes d&rsquo;huile essentielle de tea tree<\/li><li>\t\t2 gouttes d&rsquo;huile essentielle de citron<\/li><li>\t\tdans 9 ml d&rsquo;une base neutre.<\/li><\/ul>\n\n\n\n<p>Le tea tree (ou \u00ab\u00a0arbre \u00e0 th\u00e9\u00a0\u00bb) est effectivement une huile essentielle reconnue pour ses propri\u00e9t\u00e9s antibact\u00e9riennes et antiseptiques mais ce types de recettes naturelles&nbsp;\u00ab\u00a0ne sont pas garanties par les autorit\u00e9s de sant\u00e9&nbsp;donc pas garanties d&rsquo;\u00eatre efficaces en virucides et bact\u00e9ricides\u00a0\u00bb souligne Martial Fraysse, notamment contre le coronavirus.<br><\/p>\n\n\n\n<p><\/p>\n","protected":false},"excerpt":{"rendered":"<p>MESSAGE DU DOCTEUR N. N. KANNAPPAN. MADURAI (Inde) Le coronavirus se cache derri\u00e8re le sinus paranasal de votre nez pendant 3\/4 jours. Ce virus qui est cach\u00e9 derri\u00e8re les sinus paranasaux, atteint vos poumons. Ensuite, il vous est difficile de respirer.Boire de l&rsquo;eau chaude ne suffit pas pour atteindre le virus. C&rsquo;est pourquoi il est &hellip; <\/p>\n<p class=\"link-more\"><a href=\"https:\/\/eco-nscience.com\/yoga\/coronavirus\/\" class=\"more-link\">Continuer la lecture<span class=\"screen-reader-text\"> de &laquo;&nbsp;!!! ! !!! Alerte : Coronavirus !!! ! !!!&nbsp;&raquo;<\/span><\/a><\/p>\n","protected":false},"author":1,"featured_media":0,"parent":0,"menu_order":0,"comment_status":"closed","ping_status":"closed","template":"","meta":{"footnotes":""},"class_list":["post-437","page","type-page","status-publish","hentry"],"_links":{"self":[{"href":"https:\/\/eco-nscience.com\/yoga\/wp-json\/wp\/v2\/pages\/437","targetHints":{"allow":["GET"]}}],"collection":[{"href":"https:\/\/eco-nscience.com\/yoga\/wp-json\/wp\/v2\/pages"}],"about":[{"href":"https:\/\/eco-nscience.com\/yoga\/wp-json\/wp\/v2\/types\/page"}],"author":[{"embeddable":true,"href":"https:\/\/eco-nscience.com\/yoga\/wp-json\/wp\/v2\/users\/1"}],"replies":[{"embeddable":true,"href":"https:\/\/eco-nscience.com\/yoga\/wp-json\/wp\/v2\/comments?post=437"}],"version-history":[{"count":15,"href":"https:\/\/eco-nscience.com\/yoga\/wp-json\/wp\/v2\/pages\/437\/revisions"}],"predecessor-version":[{"id":1122,"href":"https:\/\/eco-nscience.com\/yoga\/wp-json\/wp\/v2\/pages\/437\/revisions\/1122"}],"wp:attachment":[{"href":"https:\/\/eco-nscience.com\/yoga\/wp-json\/wp\/v2\/media?parent=437"}],"curies":[{"name":"wp","href":"https:\/\/api.w.org\/{rel}","templated":true}]}}