{"id":1255,"date":"2021-09-12T11:19:08","date_gmt":"2021-09-12T09:19:08","guid":{"rendered":"https:\/\/eco-nscience.com\/yoga\/?page_id=1255"},"modified":"2021-10-26T10:39:27","modified_gmt":"2021-10-26T08:39:27","slug":"dien-chan","status":"publish","type":"page","link":"https:\/\/eco-nscience.com\/yoga\/dien-chan\/","title":{"rendered":"Dien Chan"},"content":{"rendered":"\n<p>Douze massages quotidiens \u00e0 pratiquer \u00e0 chaque r\u00e9veil :<\/p>\n\n\n\n<div data-wp-interactive=\"core\/file\" class=\"wp-block-file\"><object data-wp-bind--hidden=\"!state.hasPdfPreview\" hidden class=\"wp-block-file__embed\" data=\"https:\/\/eco-nscience.com\/yoga\/wp-content\/uploads\/2021\/09\/21_09_12_12_Massages_Quotidiens.pdf\" type=\"application\/pdf\" style=\"width:100%;height:200px\" aria-label=\"Contenu embarqu\u00e9 Contenu embarqu\u00e9 21_09_12_12_Massages_Quotidiens..\"><\/object><a href=\"https:\/\/eco-nscience.com\/yoga\/wp-content\/uploads\/2021\/09\/21_09_12_12_Massages_Quotidiens.pdf\">21_09_12_12_Massages_Quotidiens<\/a><a href=\"https:\/\/eco-nscience.com\/yoga\/wp-content\/uploads\/2021\/09\/21_09_12_12_Massages_Quotidiens.pdf\" class=\"wp-block-file__button\" download>T\u00e9l\u00e9charger<\/a><\/div>\n\n\n\n<figure class=\"wp-block-image size-large\"><img loading=\"lazy\" decoding=\"async\" width=\"768\" height=\"1024\" src=\"https:\/\/eco-nscience.com\/yoga\/wp-content\/uploads\/2021\/10\/IMG_2375-768x1024.jpeg\" alt=\"\" class=\"wp-image-1320\" srcset=\"https:\/\/eco-nscience.com\/yoga\/wp-content\/uploads\/2021\/10\/IMG_2375-768x1024.jpeg 768w, https:\/\/eco-nscience.com\/yoga\/wp-content\/uploads\/2021\/10\/IMG_2375-225x300.jpeg 225w, https:\/\/eco-nscience.com\/yoga\/wp-content\/uploads\/2021\/10\/IMG_2375-1152x1536.jpeg 1152w, https:\/\/eco-nscience.com\/yoga\/wp-content\/uploads\/2021\/10\/IMG_2375-1536x2048.jpeg 1536w, https:\/\/eco-nscience.com\/yoga\/wp-content\/uploads\/2021\/10\/IMG_2375-scaled.jpeg 1920w\" sizes=\"auto, (max-width: 767px) 89vw, (max-width: 1000px) 54vw, (max-width: 1071px) 543px, 580px\" \/><\/figure>\n\n\n\n<figure class=\"wp-block-embed is-type-video is-provider-youtube wp-block-embed-youtube wp-embed-aspect-16-9 wp-has-aspect-ratio\"><div class=\"wp-block-embed__wrapper\">\n<iframe loading=\"lazy\" title=\"12 massages de matin en Dien Chan\" width=\"525\" height=\"295\" src=\"https:\/\/www.youtube.com\/embed\/vw-u7LkiGHo?feature=oembed\" frameborder=\"0\" allow=\"accelerometer; autoplay; clipboard-write; encrypted-media; gyroscope; picture-in-picture; web-share\" referrerpolicy=\"strict-origin-when-cross-origin\" allowfullscreen><\/iframe>\n<\/div><\/figure>\n\n\n\n<figure class=\"wp-block-image size-large\"><img loading=\"lazy\" decoding=\"async\" width=\"768\" height=\"1024\" src=\"https:\/\/eco-nscience.com\/yoga\/wp-content\/uploads\/2021\/10\/IMG_2376-768x1024.jpeg\" alt=\"\" class=\"wp-image-1321\" srcset=\"https:\/\/eco-nscience.com\/yoga\/wp-content\/uploads\/2021\/10\/IMG_2376-768x1024.jpeg 768w, https:\/\/eco-nscience.com\/yoga\/wp-content\/uploads\/2021\/10\/IMG_2376-225x300.jpeg 225w, https:\/\/eco-nscience.com\/yoga\/wp-content\/uploads\/2021\/10\/IMG_2376-1152x1536.jpeg 1152w, https:\/\/eco-nscience.com\/yoga\/wp-content\/uploads\/2021\/10\/IMG_2376-1536x2048.jpeg 1536w, https:\/\/eco-nscience.com\/yoga\/wp-content\/uploads\/2021\/10\/IMG_2376-scaled.jpeg 1920w\" sizes=\"auto, (max-width: 767px) 89vw, (max-width: 1000px) 54vw, (max-width: 1071px) 543px, 580px\" \/><\/figure>\n\n\n\n<figure class=\"wp-block-embed is-type-video is-provider-youtube wp-block-embed-youtube wp-embed-aspect-16-9 wp-has-aspect-ratio\"><div class=\"wp-block-embed__wrapper\">\n<iframe loading=\"lazy\" title=\"Routine faciale matinale: Pr\u00e9lude du Chan\u275cbeaut\u00e9\" width=\"525\" height=\"295\" src=\"https:\/\/www.youtube.com\/embed\/YxydwtsxGAs?feature=oembed\" frameborder=\"0\" allow=\"accelerometer; autoplay; clipboard-write; encrypted-media; gyroscope; picture-in-picture; web-share\" referrerpolicy=\"strict-origin-when-cross-origin\" allowfullscreen><\/iframe>\n<\/div><\/figure>\n","protected":false},"excerpt":{"rendered":"<p>Douze massages quotidiens \u00e0 pratiquer \u00e0 chaque r\u00e9veil :<\/p>\n","protected":false},"author":1,"featured_media":0,"parent":0,"menu_order":0,"comment_status":"closed","ping_status":"closed","template":"","meta":{"footnotes":""},"class_list":["post-1255","page","type-page","status-publish","hentry"],"_links":{"self":[{"href":"https:\/\/eco-nscience.com\/yoga\/wp-json\/wp\/v2\/pages\/1255","targetHints":{"allow":["GET"]}}],"collection":[{"href":"https:\/\/eco-nscience.com\/yoga\/wp-json\/wp\/v2\/pages"}],"about":[{"href":"https:\/\/eco-nscience.com\/yoga\/wp-json\/wp\/v2\/types\/page"}],"author":[{"embeddable":true,"href":"https:\/\/eco-nscience.com\/yoga\/wp-json\/wp\/v2\/users\/1"}],"replies":[{"embeddable":true,"href":"https:\/\/eco-nscience.com\/yoga\/wp-json\/wp\/v2\/comments?post=1255"}],"version-history":[{"count":6,"href":"https:\/\/eco-nscience.com\/yoga\/wp-json\/wp\/v2\/pages\/1255\/revisions"}],"predecessor-version":[{"id":1325,"href":"https:\/\/eco-nscience.com\/yoga\/wp-json\/wp\/v2\/pages\/1255\/revisions\/1325"}],"wp:attachment":[{"href":"https:\/\/eco-nscience.com\/yoga\/wp-json\/wp\/v2\/media?parent=1255"}],"curies":[{"name":"wp","href":"https:\/\/api.w.org\/{rel}","templated":true}]}}