{"id":8,"date":"2019-06-03T14:36:20","date_gmt":"2019-06-03T12:36:20","guid":{"rendered":"https:\/\/eco-nscience.com\/Music\/?page_id=8"},"modified":"2019-09-02T09:08:41","modified_gmt":"2019-09-02T07:08:41","slug":"accueil","status":"publish","type":"page","link":"https:\/\/eco-nscience.com\/Music\/","title":{"rendered":"Accueil"},"content":{"rendered":"<p>Bienvenue sur ce modeste site qui reprend les partitions des chansons travaill\u00e9es avec nos Choristes des Maisons de Retraite et celles et ceux de nos CITL, ESAT et Foyers de la R\u00e9gion !<\/p>\n<p>CITL : Centre d&rsquo;Initiation au Travail et aux Loisirs<\/p>\n<p>ESAT : Etablissement et Service d&rsquo;Aide par le Travail<\/p>\n<p>\u00ab\u00a0Vivre de son Travail pour Vaincre son Handicap\u00a0\u00bb<\/p>\n<h3><strong><span style=\"color: #ff0000;\">PS : les \u0153uvres pr\u00e9sent\u00e9es (paroles et musique) sont \u00e0 usage interne des Chorales \u00ab\u00a0Au Choeur de la Ville\u00a0\u00bb, merci \u00e0 leurs auteurs d&rsquo;accepter que leurs \u0153uvres soient reprises sur ce site.<\/span><\/strong><\/h3>\n","protected":false},"excerpt":{"rendered":"<p>Bienvenue sur ce modeste site qui reprend les partitions des chansons travaill\u00e9es avec nos Choristes des Maisons de Retraite et celles et ceux de nos CITL, ESAT et Foyers de la R\u00e9gion ! CITL : Centre d&rsquo;Initiation au Travail et aux Loisirs ESAT : Etablissement et Service d&rsquo;Aide par le Travail \u00ab\u00a0Vivre de son Travail &hellip; <\/p>\n<p class=\"link-more\"><a href=\"https:\/\/eco-nscience.com\/Music\/\" class=\"more-link\">Continuer la lecture<span class=\"screen-reader-text\"> de &laquo;&nbsp;Accueil&nbsp;&raquo;<\/span><\/a><\/p>\n","protected":false},"author":1,"featured_media":0,"parent":0,"menu_order":0,"comment_status":"closed","ping_status":"closed","template":"","meta":{"footnotes":""},"class_list":["post-8","page","type-page","status-publish","hentry"],"_links":{"self":[{"href":"https:\/\/eco-nscience.com\/Music\/wp-json\/wp\/v2\/pages\/8","targetHints":{"allow":["GET"]}}],"collection":[{"href":"https:\/\/eco-nscience.com\/Music\/wp-json\/wp\/v2\/pages"}],"about":[{"href":"https:\/\/eco-nscience.com\/Music\/wp-json\/wp\/v2\/types\/page"}],"author":[{"embeddable":true,"href":"https:\/\/eco-nscience.com\/Music\/wp-json\/wp\/v2\/users\/1"}],"replies":[{"embeddable":true,"href":"https:\/\/eco-nscience.com\/Music\/wp-json\/wp\/v2\/comments?post=8"}],"version-history":[{"count":5,"href":"https:\/\/eco-nscience.com\/Music\/wp-json\/wp\/v2\/pages\/8\/revisions"}],"predecessor-version":[{"id":273,"href":"https:\/\/eco-nscience.com\/Music\/wp-json\/wp\/v2\/pages\/8\/revisions\/273"}],"wp:attachment":[{"href":"https:\/\/eco-nscience.com\/Music\/wp-json\/wp\/v2\/media?parent=8"}],"curies":[{"name":"wp","href":"https:\/\/api.w.org\/{rel}","templated":true}]}}